{"id":8,"date":"2025-02-27T09:36:48","date_gmt":"2025-02-27T09:36:48","guid":{"rendered":"https:\/\/asnaesbysgrundejerforening.dk\/?page_id=8"},"modified":"2025-10-14T10:03:15","modified_gmt":"2025-10-14T10:03:15","slug":"forside","status":"publish","type":"page","link":"https:\/\/asnaesbysgrundejerforening.dk\/","title":{"rendered":"Forside"},"content":{"rendered":"\t\t<div data-elementor-type=\"wp-page\" data-elementor-id=\"8\" class=\"elementor elementor-8\">\n\t\t\t\t<div class=\"elementor-element elementor-element-7474b52 e-flex e-con-boxed e-con e-parent\" data-id=\"7474b52\" data-element_type=\"container\" data-e-type=\"container\">\n\t\t\t\t\t<div class=\"e-con-inner\">\n\t\t\t\t<div class=\"elementor-element elementor-element-6c7c5a9 elementor-widget elementor-widget-spacer\" data-id=\"6c7c5a9\" data-element_type=\"widget\" data-e-type=\"widget\" data-widget_type=\"spacer.default\">\n\t\t\t\t\t\t\t<div class=\"elementor-spacer\">\n\t\t\t<div class=\"elementor-spacer-inner\"><\/div>\n\t\t<\/div>\n\t\t\t\t\t\t<\/div>\n\t\t\t\t\t<\/div>\n\t\t\t\t<\/div>\n\t\t<div class=\"elementor-element elementor-element-b3f0128 e-flex e-con-boxed e-con e-parent\" data-id=\"b3f0128\" data-element_type=\"container\" data-e-type=\"container\">\n\t\t\t\t\t<div class=\"e-con-inner\">\n\t\t<div class=\"elementor-element elementor-element-ce389db e-con-full e-flex e-con e-child\" data-id=\"ce389db\" data-element_type=\"container\" data-e-type=\"container\">\n\t\t\t\t<div class=\"elementor-element elementor-element-8f5d528 elementor-widget elementor-widget-image\" data-id=\"8f5d528\" data-element_type=\"widget\" data-e-type=\"widget\" data-widget_type=\"image.default\">\n\t\t\t\t\t\t\t\t\t\t\t\t\t\t\t\t<a href=\"http:\/\/asnaesbysgrundejerforening.dk\">\n\t\t\t\t\t\t\t<img decoding=\"async\" width=\"150\" height=\"150\" src=\"https:\/\/asnaesbysgrundejerforening.dk\/wp-content\/uploads\/2025\/02\/Logo-512x512-Pixel-150x150.png\" class=\"attachment-thumbnail size-thumbnail wp-image-7\" alt=\"\" srcset=\"https:\/\/asnaesbysgrundejerforening.dk\/wp-content\/uploads\/2025\/02\/Logo-512x512-Pixel-150x150.png 150w, https:\/\/asnaesbysgrundejerforening.dk\/wp-content\/uploads\/2025\/02\/Logo-512x512-Pixel-300x300.png 300w, https:\/\/asnaesbysgrundejerforening.dk\/wp-content\/uploads\/2025\/02\/Logo-512x512-Pixel.png 512w\" sizes=\"(max-width: 150px) 100vw, 150px\" \/>\t\t\t\t\t\t\t\t<\/a>\n\t\t\t\t\t\t\t\t\t\t\t\t\t\t\t<\/div>\n\t\t\t\t<\/div>\n\t\t<div class=\"elementor-element elementor-element-713bac1 e-con-full e-flex e-con e-child\" data-id=\"713bac1\" data-element_type=\"container\" data-e-type=\"container\">\n\t\t\t\t<div class=\"elementor-element elementor-element-59d4cdb elementor-widget elementor-widget-heading\" data-id=\"59d4cdb\" data-element_type=\"widget\" data-e-type=\"widget\" data-widget_type=\"heading.default\">\n\t\t\t\t\t<h2 class=\"elementor-heading-title elementor-size-default\">Asn\u00e6s By's Grundejerforening<\/h2>\t\t\t\t<\/div>\n\t\t\t\t<\/div>\n\t\t<div class=\"elementor-element elementor-element-04a74b7 e-con-full e-flex e-con e-child\" data-id=\"04a74b7\" data-element_type=\"container\" data-e-type=\"container\">\n\t\t\t\t<\/div>\n\t\t\t\t\t<\/div>\n\t\t\t\t<\/div>\n\t\t<div class=\"elementor-element elementor-element-4e7cec2 e-flex e-con-boxed e-con e-parent\" data-id=\"4e7cec2\" data-element_type=\"container\" data-e-type=\"container\">\n\t\t\t\t\t<div class=\"e-con-inner\">\n\t\t<div class=\"elementor-element elementor-element-abeed8e e-con-full e-flex e-con e-child\" data-id=\"abeed8e\" data-element_type=\"container\" data-e-type=\"container\">\n\t\t\t\t<\/div>\n\t\t<div class=\"elementor-element elementor-element-ea52361 e-con-full e-flex e-con e-child\" data-id=\"ea52361\" data-element_type=\"container\" data-e-type=\"container\">\n\t\t\t\t<div class=\"elementor-element elementor-element-d13aaca elementor-widget elementor-widget-heading\" data-id=\"d13aaca\" data-element_type=\"widget\" data-e-type=\"widget\" data-widget_type=\"heading.default\">\n\t\t\t\t\t<h2 class=\"elementor-heading-title elementor-size-default\">-- CVR: 29259313 --<\/h2>\t\t\t\t<\/div>\n\t\t\t\t<\/div>\n\t\t<div class=\"elementor-element elementor-element-2bc9fed e-con-full e-flex e-con e-child\" data-id=\"2bc9fed\" data-element_type=\"container\" data-e-type=\"container\">\n\t\t\t\t<\/div>\n\t\t\t\t\t<\/div>\n\t\t\t\t<\/div>\n\t\t<div class=\"elementor-element elementor-element-10b117a e-flex e-con-boxed e-con e-parent\" data-id=\"10b117a\" data-element_type=\"container\" data-e-type=\"container\">\n\t\t\t\t\t<div class=\"e-con-inner\">\n\t\t\t\t<div class=\"elementor-element elementor-element-19483f2 elementor-widget elementor-widget-text-editor\" data-id=\"19483f2\" data-element_type=\"widget\" data-e-type=\"widget\" data-widget_type=\"text-editor.default\">\n\t\t\t\t\t\t\t\t\t<p class=\"wnd-align-center\" style=\"text-align: center;\"><strong><span style=\"color: #000000;\">Formand Ole Holst Nielsen, telefon 29385594,<\/span>\u00a0<span style=\"color: #ffcc00;\"><a style=\"color: #ffcc00;\" href=\"mailto:formand@asnaesbysgrundejerforening.dk\" target=\"_blank\" rel=\"noopener\">formand@asnaesbysgrundejerforening.dk<\/a><\/span><\/strong><\/p><p class=\"wnd-align-center\" style=\"text-align: center;\"><span style=\"color: #000000;\"><strong>Skriv eller ring til Ole Holst Nielsen, hvis du vil h\u00f8re mere om foreningen, har sp\u00f8rgsm\u00e5l,<br \/><\/strong><strong>eller f.eks. har brug for at f\u00e5 tilsendt vedt\u00e6gterne.<\/strong><\/span><\/p><p class=\"wnd-align-center\" style=\"text-align: center;\"><span style=\"color: #000000;\"><strong>&#8212;&#8211;<\/strong><\/span><\/p><p class=\"wnd-align-center\" style=\"text-align: center;\"><strong><span style=\"color: #000000;\">Skriv til<\/span>\u00a0<span style=\"color: #ffcc00;\"><a style=\"color: #ffcc00;\" href=\"mailto:kasserer@asnaesbysgrundejerforening.dk\" target=\"_blank\" rel=\"noopener\">kasserer@asnaesbysgrundejerforening.dk<\/a><\/span>, <span style=\"color: #000000;\">hvis du skal<\/span><br \/><\/strong><span style=\"color: #000000;\"><strong>bruge en kopi\u00a0<\/strong><strong>af foreningens seneste regnskab.<\/strong><\/span><\/p>\t\t\t\t\t\t\t\t<\/div>\n\t\t\t\t\t<\/div>\n\t\t\t\t<\/div>\n\t\t\t\t<\/div>\n\t\t","protected":false},"excerpt":{"rendered":"<p>Asn\u00e6s By&#8217;s Grundejerforening &#8212; CVR: 29259313 &#8212; Formand Ole Holst Nielsen, telefon 29385594,\u00a0formand@asnaesbysgrundejerforening.dk Skriv eller ring til Ole Holst Nielsen, [&hellip;]<\/p>\n","protected":false},"author":1,"featured_media":0,"parent":0,"menu_order":0,"comment_status":"closed","ping_status":"closed","template":"elementor_header_footer","meta":{"site-sidebar-layout":"no-sidebar","site-content-layout":"","ast-site-content-layout":"full-width-container","site-content-style":"default","site-sidebar-style":"default","ast-global-header-display":"","ast-banner-title-visibility":"","ast-main-header-display":"","ast-hfb-above-header-display":"","ast-hfb-below-header-display":"","ast-hfb-mobile-header-display":"","site-post-title":"disabled","ast-breadcrumbs-content":"","ast-featured-img":"disabled","footer-sml-layout":"","ast-disable-related-posts":"","theme-transparent-header-meta":"","adv-header-id-meta":"","stick-header-meta":"","header-above-stick-meta":"","header-main-stick-meta":"","header-below-stick-meta":"","astra-migrate-meta-layouts":"default","ast-page-background-enabled":"default","ast-page-background-meta":{"desktop":{"background-color":"var(--ast-global-color-5)","background-image":"","background-repeat":"repeat","background-position":"center center","background-size":"auto","background-attachment":"scroll","background-type":"","background-media":"","overlay-type":"","overlay-color":"","overlay-opacity":"","overlay-gradient":""},"tablet":{"background-color":"","background-image":"","background-repeat":"repeat","background-position":"center center","background-size":"auto","background-attachment":"scroll","background-type":"","background-media":"","overlay-type":"","overlay-color":"","overlay-opacity":"","overlay-gradient":""},"mobile":{"background-color":"","background-image":"","background-repeat":"repeat","background-position":"center center","background-size":"auto","background-attachment":"scroll","background-type":"","background-media":"","overlay-type":"","overlay-color":"","overlay-opacity":"","overlay-gradient":""}},"ast-content-background-meta":{"desktop":{"background-color":"var(--ast-global-color-4)","background-image":"","background-repeat":"repeat","background-position":"center center","background-size":"auto","background-attachment":"scroll","background-type":"","background-media":"","overlay-type":"","overlay-color":"","overlay-opacity":"","overlay-gradient":""},"tablet":{"background-color":"var(--ast-global-color-4)","background-image":"","background-repeat":"repeat","background-position":"center center","background-size":"auto","background-attachment":"scroll","background-type":"","background-media":"","overlay-type":"","overlay-color":"","overlay-opacity":"","overlay-gradient":""},"mobile":{"background-color":"var(--ast-global-color-4)","background-image":"","background-repeat":"repeat","background-position":"center center","background-size":"auto","background-attachment":"scroll","background-type":"","background-media":"","overlay-type":"","overlay-color":"","overlay-opacity":"","overlay-gradient":""}},"footnotes":""},"class_list":["post-8","page","type-page","status-publish","hentry"],"_links":{"self":[{"href":"https:\/\/asnaesbysgrundejerforening.dk\/index.php?rest_route=\/wp\/v2\/pages\/8","targetHints":{"allow":["GET"]}}],"collection":[{"href":"https:\/\/asnaesbysgrundejerforening.dk\/index.php?rest_route=\/wp\/v2\/pages"}],"about":[{"href":"https:\/\/asnaesbysgrundejerforening.dk\/index.php?rest_route=\/wp\/v2\/types\/page"}],"author":[{"embeddable":true,"href":"https:\/\/asnaesbysgrundejerforening.dk\/index.php?rest_route=\/wp\/v2\/users\/1"}],"replies":[{"embeddable":true,"href":"https:\/\/asnaesbysgrundejerforening.dk\/index.php?rest_route=%2Fwp%2Fv2%2Fcomments&post=8"}],"version-history":[{"count":90,"href":"https:\/\/asnaesbysgrundejerforening.dk\/index.php?rest_route=\/wp\/v2\/pages\/8\/revisions"}],"predecessor-version":[{"id":234,"href":"https:\/\/asnaesbysgrundejerforening.dk\/index.php?rest_route=\/wp\/v2\/pages\/8\/revisions\/234"}],"wp:attachment":[{"href":"https:\/\/asnaesbysgrundejerforening.dk\/index.php?rest_route=%2Fwp%2Fv2%2Fmedia&parent=8"}],"curies":[{"name":"wp","href":"https:\/\/api.w.org\/{rel}","templated":true}]}}